r of 175316 and 4613804?
4276
Calculate the greatest common factor of 4485 and 1054365.
195
Calculate the highest common divisor of 135 and 102417165.
45
What is the greatest common factor of 4278 and 1873671?
93
What is the highest common factor of 13587 and 349575394?
4529
What is the highest common divisor of 345 and 52332130?
115
Calculate the highest common divisor of 54285 and 4040120.
1645
What is the highest common factor of 887988453 and 737?
737
Calculate the greatest common divisor of 3189970 and 11940.
1990
What is the highest common divisor of 26011 and 9593952?
1369
What is the greatest common divisor of 1 and 2750141?
1
Calculate the greatest common factor of 150 and 3094290.
30
What is the greatest common divisor of 243211 and 1106951?
2273
What is the greatest common factor of 80066826 and 756?
378
Calculate the greatest common factor of 12430 and 27280.
110
What is the highest common factor of 7287595 and 70?
35
Calculate the highest common divisor of 1476145 and 55.
55
What is the greatest common divisor of 5509066472 and 949?
949
Calculate the highest common factor of 54896360 and 560.
40
What is the highest common divisor of 2634086 and 154?
14
What is the greatest common divisor of 90 and 1468430?
10
Calculate the highest common factor of 1780793 and 20837.
67
Calculate the greatest common factor of 36385048 and 101.
101
What is the highest common divisor of 208325 and 64741?
641
What is the highest common divisor of 83167891 and 86?
43
What is the greatest common factor of 110616 and 277376?
88
Calculate the greatest common divisor of 26 and 109901532.
26
Calculate the highest common divisor of 1005390738 and 114.
114
Calculate the greatest common divisor of 22 and 13357234.
22
What is the greatest common divisor of 4056 and 13497016?
1352
Calculate the highest common factor of 180 and 5000620.
20
Calculate the greatest common factor of 40301571 and 1113.
159
What is the highest common factor of 236201 and 9799?
41
What is the greatest common factor of 2962673 and 402?
67
Calculate the greatest common factor of 6187 and 34432.
269
Calculate the greatest common divisor of 3827178 and 1215.
9
What is the highest common factor of 66510105 and 11865?
1695
What is the highest common factor of 37974314 and 294?
98
What is the greatest common factor of 95 and 1908560260?
95
What is the greatest common factor of 24276 and 344870925?
6069
Calculate the highest common divisor of 3110 and 75893330.
3110
What is the highest common divisor of 558 and 1324171386?
558
Calculate the greatest common divisor of 91 and 171955.
7
What is the highest common divisor of 514730 and 10?
10
Calculate the highest common factor of 1512620 and 853724.
212
Calculate the highest common factor of 2655 and 36951759.
531
What is the greatest common factor of 5400 and 294200?
200
What is the greatest common divisor of 32227 and 69563?
13
Calculate the greatest common divisor of 1493624 and 176.
88
Calculate the greatest common factor of 11 and 243984983.
11
What is the greatest common divisor of 52464640 and 240?
80
Calculate the highest common factor of 636 and 12208868.
212
Calculate the greatest common factor of 63305 and 2189.
11
Calculate the highest common factor of 361578 and 114954.
42
Calculate the highest common divisor of 6267 and 85773.
3
What is the highest common divisor of 56323 and 149200?
373
Calculate the highest common divisor of 2940 and 1875900.
60
What is the highest common factor of 297208 and 204476?
388
Calculate the highest common divisor of 244494 and 1234314.
846
Calculate the greatest common divisor of 23360 and 48832.
64
What is the highest common factor of 765 and 198255?
15
Calculate the greatest common divisor of 38265 and 144015.
15
What is the greatest common divisor of 252755214 and 558?
186
Calculate the highest common divisor of 959348115 and 2101.
2101
What is the greatest common divisor of 157648 and 12176?
16
What is the greatest common divisor of 1812302 and 21895?
151
Calculate the highest common factor of 17248355 and 7928.
991
What is the highest common factor of 6284 and 336883669?
1571
Calculate the greatest common divisor of 3047803 and 913.
11
Calculate the greatest common divisor of 667 and 2118943.
29
What is the highest common factor of 2796237 and 279?
9
What is the greatest common factor of 2469015 and 108?
27
What is the highest common factor of 1906769 and 9062?
23
Calculate the greatest common divisor of 606499 and 92749.
137
What is the highest common divisor of 36 and 1466484?
12
What is the highest common factor of 10324 and 105020?
356
What is the highest common divisor of 3703 and 675717?
161
Calculate the highest common divisor of 76775 and 54575.
925
Calculate the highest common factor of 17620431 and 93.
93
What is the highest common factor of 1918812 and 53444?
1724
What is the greatest common divisor of 171465 and 70840?
805
What is the highest common divisor of 528637 and 3306?
19
Calculate the greatest common divisor of 74875922 and 4059.
451
Calculate the highest common factor of 58 and 500482.
58
Calculate the highest common factor of 21314181 and 171.
57
What is the highest common factor of 157324 and 2483168?
4252
Calculate the highest common factor of 6417 and 80569.
713
What is the greatest common divisor of 2783829 and 218517?
1293
Calculate the greatest common divisor of 153203487 and 1923.
1923
What is the highest common factor of 8158306 and 338?
338
What is the highest common divisor of 14066 and 214916?
26
Calculate the highest common factor of 5278 and 2940392.
182
What is the greatest common divisor of 694078 and 13398?
154
What is the highest common divisor of 5984 and 3286729?
17
What is the greatest common divisor of 10659607 and 13105?
2621
Calculate the greatest common divisor of 1493300 and 4658.
274
Calculate the highest common divisor of 848810 and 170.
170
Calculate the highest common divisor of 473757970 and 25821.
2869
What is the greatest common factor of 552238 and 284?
142
What is the greatest common factor of 611351190 and 50040?
12510
Calculate the greatest common divisor of 50 and 480694.
2
Calculate the greatest common divisor of 10998 and 359147022.
3666
Calculate the highest common divisor of 335405 and 12321.
1369
What is the greatest common divisor of 7336 and 15085043?
131
Calculate the greatest common divisor of 164 and 1747402124.
164
What is the highest common divisor of 712 and 2342302?
178
What is the greatest common divisor of 203513 and 73841?
1801
What is the highest common divisor of 66819545 and 39975?
2665
What is the highest common factor of 24951288 and 2208?
24
Calculate the greatest common factor of 1185 and 170895.
15
What is the greatest common factor of 9148076 and 36?
4
Calculate the greatest common divisor of 1484 and 402906.
742
What is the greatest common factor of 524255 and 80?
5
Calculate the highest common factor of 165 and 1363400555.
55
What is the greatest common factor of 3186 and 648144?
18
Calculate the greatest common divisor of 7410 and 7286310.
570
Calculate the greatest common factor of 159212552 and 3944.
232
Calculate the greatest common factor of 560 and 58276708.
28
Calculate the highest common divisor of 4616560 and 572.
52
Calculate the greatest common divisor of 27672740 and 40.
20
What is the highest common factor of 1568089376 and 8?
8
Calculate the greatest common factor of 120 and 296688.
24
What is the highest common factor of 864 and 28119744?
864
What is the greatest common factor of 843 and 24713669?
281
Calculate the greatest common factor of 64716 and 2184.
12
Calculate the highest common factor of 2843741 and 314.
157
Calculate the greatest common divisor of 41509 and 18230485.
1339
What is the highest common factor of 260970605 and 38?
19
Calculate the highest common factor of 355588695 and 315.
315
Calculate the greatest common factor of 153999 and 603.
9
What is the highest common divisor of 1257 and 325283108?
419
Calculate the highest common factor of 22505631 and 3210.
321
Calculate the highest common divisor of 87948 and 35028.
252
What is the greatest common divisor of 12221 and 20683487?
1111
Calculate the greatest common divisor of 1001238 and 33836.
1538
What is the highest common f